[INFO] cloning repository https://github.com/Jasperav/CassandraRustMapping
[INFO] running `Command { std: "git" "-c" "credential.helper=" "-c" "credential.helper=/workspace/cargo-home/bin/git-credential-null" "clone" "--bare" "https://github.com/Jasperav/CassandraRustMapping" "/workspace/cache/git-repos/https%3A%2F%2Fgithub.com%2FJasperav%2FCassandraRustMapping", kill_on_drop: false }`
[INFO] [stderr] Cloning into bare repository '/workspace/cache/git-repos/https%3A%2F%2Fgithub.com%2FJasperav%2FCassandraRustMapping'...
[INFO] running `Command { std: "git" "rev-parse" "HEAD", kill_on_drop: false }`
[INFO] [stdout] ee5b93eb324558885d72717093cc9139c1bf68d9
[INFO] checking Jasperav/CassandraRustMapping against master#af3c6e733a40e671550e0f0f5aeecaa13772ba56 for pr-74989
[INFO] running `Command { std: "git" "clone" "/workspace/cache/git-repos/https%3A%2F%2Fgithub.com%2FJasperav%2FCassandraRustMapping" "/workspace/builds/worker-6/source", kill_on_drop: false }`
[INFO] [stderr] Cloning into '/workspace/builds/worker-6/source'...
[INFO] [stderr] done.
[INFO] validating manifest of git repo https://github.com/Jasperav/CassandraRustMapping on toolchain af3c6e733a40e671550e0f0f5aeecaa13772ba56
[INFO] running `Command { std: "/workspace/cargo-home/bin/cargo" "+af3c6e733a40e671550e0f0f5aeecaa13772ba56" "read-manifest" "--manifest-path" "Cargo.toml", kill_on_drop: false }`
[INFO] started tweaking git repo https://github.com/Jasperav/CassandraRustMapping
[INFO] finished tweaking git repo https://github.com/Jasperav/CassandraRustMapping
[INFO] tweaked toml for git repo https://github.com/Jasperav/CassandraRustMapping written to /workspace/builds/worker-6/source/Cargo.toml
[INFO] crate git repo https://github.com/Jasperav/CassandraRustMapping already has a lockfile, it will not be regenerated
[INFO] running `Command { std: "/workspace/cargo-home/bin/cargo" "+af3c6e733a40e671550e0f0f5aeecaa13772ba56" "fetch" "--locked" "--manifest-path" "Cargo.toml", kill_on_drop: false }`
[INFO] running `Command { std: "docker" "create" "-v" "/var/lib/crater-agent-workspace/builds/worker-6/target:/opt/rustwide/target:rw,Z" "-v" "/var/lib/crater-agent-workspace/builds/worker-6/source:/opt/rustwide/workdir:ro,Z" "-v" "/var/lib/crater-agent-workspace/cargo-home:/opt/rustwide/cargo-home:ro,Z" "-v" "/var/lib/crater-agent-workspace/rustup-home:/opt/rustwide/rustup-home:ro,Z" "-e" "SOURCE_DIR=/opt/rustwide/workdir" "-e" "CARGO_TARGET_DIR=/opt/rustwide/target" "-e" "CARGO_HOME=/opt/rustwide/cargo-home" "-e" "RUSTUP_HOME=/opt/rustwide/rustup-home" "-w" "/opt/rustwide/workdir" "-m" "1610612736" "--user" "0:0" "--network" "none" "rustops/crates-build-env@sha256:d92eaeed33fa75130ca1ee6c8a01d1ffb62bac859dfdfb3450e3e5d1c0146529" "/opt/rustwide/cargo-home/bin/cargo" "+af3c6e733a40e671550e0f0f5aeecaa13772ba56" "metadata" "--no-deps" "--format-version=1", kill_on_drop: false }`
[INFO] [stdout] d77fe01ace12ea13476cf83bd17753073ffe911234980c06cebb05cfe34d280f
[INFO] [stderr] WARNING: Your kernel does not support swap limit capabilities or the cgroup is not mounted. Memory limited without swap.
[INFO] running `Command { std: "docker" "start" "-a" "d77fe01ace12ea13476cf83bd17753073ffe911234980c06cebb05cfe34d280f", kill_on_drop: false }`
[INFO] running `Command { std: "docker" "inspect" "d77fe01ace12ea13476cf83bd17753073ffe911234980c06cebb05cfe34d280f", kill_on_drop: false }`
[INFO] running `Command { std: "docker" "rm" "-f" "d77fe01ace12ea13476cf83bd17753073ffe911234980c06cebb05cfe34d280f", kill_on_drop: false }`
[INFO] [stdout] d77fe01ace12ea13476cf83bd17753073ffe911234980c06cebb05cfe34d280f
[INFO] running `Command { std: "docker" "create" "-v" "/var/lib/crater-agent-workspace/builds/worker-6/target:/opt/rustwide/target:rw,Z" "-v" "/var/lib/crater-agent-workspace/builds/worker-6/source:/opt/rustwide/workdir:ro,Z" "-v" "/var/lib/crater-agent-workspace/cargo-home:/opt/rustwide/cargo-home:ro,Z" "-v" "/var/lib/crater-agent-workspace/rustup-home:/opt/rustwide/rustup-home:ro,Z" "-e" "SOURCE_DIR=/opt/rustwide/workdir" "-e" "CARGO_TARGET_DIR=/opt/rustwide/target" "-e" "CARGO_INCREMENTAL=0" "-e" "RUST_BACKTRACE=full" "-e" "RUSTFLAGS=--cap-lints=forbid" "-e" "CARGO_HOME=/opt/rustwide/cargo-home" "-e" "RUSTUP_HOME=/opt/rustwide/rustup-home" "-w" "/opt/rustwide/workdir" "-m" "1610612736" "--user" "0:0" "--network" "none" "rustops/crates-build-env@sha256:d92eaeed33fa75130ca1ee6c8a01d1ffb62bac859dfdfb3450e3e5d1c0146529" "/opt/rustwide/cargo-home/bin/cargo" "+af3c6e733a40e671550e0f0f5aeecaa13772ba56" "check" "--frozen" "--all" "--all-targets" "--message-format=json", kill_on_drop: false }`
[INFO] [stdout] 7ed8dc19ce2e500903311d4bb42ce89e027500c0fd63e71c129bcf3e65306090
[INFO] [stderr] WARNING: Your kernel does not support swap limit capabilities or the cgroup is not mounted. Memory limited without swap.
[INFO] running `Command { std: "docker" "start" "-a" "7ed8dc19ce2e500903311d4bb42ce89e027500c0fd63e71c129bcf3e65306090", kill_on_drop: false }`
[INFO] [stderr]    Compiling libc v0.2.66
[INFO] [stderr]     Checking cfg-if v0.1.10
[INFO] [stderr]    Compiling getrandom v0.1.13
[INFO] [stderr]     Checking scopeguard v1.0.0
[INFO] [stderr]     Checking ppv-lite86 v0.2.6
[INFO] [stderr]     Checking smallvec v1.1.0
[INFO] [stderr]    Compiling log v0.4.8
[INFO] [stderr]    Compiling byteorder v1.3.2
[INFO] [stderr]    Compiling unicode-xid v0.1.0
[INFO] [stderr]     Checking byteorder v0.5.3
[INFO] [stderr]     Checking lazy_static v1.4.0
[INFO] [stderr]     Checking lock_api v0.3.2
[INFO] [stderr]    Compiling proc-macro2 v0.1.10
[INFO] [stderr]     Checking lz4-compress v0.1.0
[INFO] [stderr]     Checking snap v0.2.5
[INFO] [stderr]     Checking c2-chacha v0.2.3
[INFO] [stderr]    Compiling rand v0.4.6
[INFO] [stderr]     Checking parking_lot_core v0.7.0
[INFO] [stderr]     Checking time v0.1.42
[INFO] [stderr]     Checking rand_core v0.5.1
[INFO] [stderr]     Checking parking_lot v0.10.0
[INFO] [stderr]     Checking rand_chacha v0.2.1
[INFO] [stderr]     Checking rand v0.7.2
[INFO] [stderr]     Checking scheduled-thread-pool v0.2.3
[INFO] [stderr]     Checking r2d2 v0.8.7
[INFO] [stderr]    Compiling cdrs_helpers_derive v0.3.0
[INFO] [stderr]     Checking uuid v0.8.1
[INFO] [stderr]     Checking cdrs v2.2.3
[INFO] [stderr]     Checking cassandramapping v0.1.0 (/opt/rustwide/workdir)
[INFO] [stdout] warning: unused import: `cdrs::query::QueryValues`
[INFO] [stdout]  --> src/car.rs:2:5
[INFO] [stdout]   |
[INFO] [stdout] 2 | use cdrs::query::QueryValues;
[INFO] [stdout]   |     ^^^^^^^^^^^^^^^^^^^^^^^^
[INFO] [stdout]   |
[INFO] [stdout]   = note: `#[warn(unused_imports)]` on by default
[INFO] [stdout] 
[INFO] [stdout] 
[INFO] [stdout] warning: unused import: `cdrs::query::QueryValues`
[INFO] [stdout]  --> src/car.rs:2:5
[INFO] [stdout]   |
[INFO] [stdout] 2 | use cdrs::query::QueryValues;
[INFO] [stdout]   |     ^^^^^^^^^^^^^^^^^^^^^^^^
[INFO] [stdout]   |
[INFO] [stdout]   = note: `#[warn(unused_imports)]` on by default
[INFO] [stdout] 
[INFO] [stdout] 
[INFO] [stdout] error[E0061]: this function takes 1 argument but 2 arguments were supplied
[INFO] [stdout]  --> src/car.rs:7:50
[INFO] [stdout]   |
[INFO] [stdout] 7 | #[derive(Debug, Clone, PartialEq, IntoCDRSValue, TryFromRow)]
[INFO] [stdout]   |                                                  ^^^^^^^^^^
[INFO] [stdout]   |                                                  |
[INFO] [stdout]   |                                                  supplied 2 arguments
[INFO] [stdout]   |                                                  expected 1 argument
[INFO] [stdout]   |
[INFO] [stdout]   = note: this error originates in a derive macro (in Nightly builds, run with -Z macro-backtrace for more info)
[INFO] [stdout] 
[INFO] [stdout] 
[INFO] [stdout] error[E0061]: this function takes 1 argument but 2 arguments were supplied
[INFO] [stdout]  --> src/user.rs:7:50
[INFO] [stdout]   |
[INFO] [stdout] 7 | #[derive(Debug, Clone, PartialEq, IntoCDRSValue, TryFromRow)]
[INFO] [stdout]   |                                                  ^^^^^^^^^^
[INFO] [stdout]   |                                                  |
[INFO] [stdout]   |                                                  supplied 2 arguments
[INFO] [stdout]   |                                                  expected 1 argument
[INFO] [stdout]   |
[INFO] [stdout]   = note: this error originates in a derive macro (in Nightly builds, run with -Z macro-backtrace for more info)
[INFO] [stdout] 
[INFO] [stdout] 
[INFO] [stdout] error: aborting due to 2 previous errors; 1 warning emitted
[INFO] [stdout] 
[INFO] [stdout] 
[INFO] [stdout] For more information about this error, try `rustc --explain E0061`.
[INFO] [stdout] 
[INFO] [stderr] error: could not compile `cassandramapping`.
[INFO] [stderr] 
[INFO] [stderr] To learn more, run the command again with --verbose.
[INFO] [stderr] warning: build failed, waiting for other jobs to finish...
[INFO] [stdout] error[E0061]: this function takes 1 argument but 2 arguments were supplied
[INFO] [stdout]  --> src/car.rs:7:50
[INFO] [stdout]   |
[INFO] [stdout] 7 | #[derive(Debug, Clone, PartialEq, IntoCDRSValue, TryFromRow)]
[INFO] [stdout]   |                                                  ^^^^^^^^^^
[INFO] [stdout]   |                                                  |
[INFO] [stdout]   |                                                  supplied 2 arguments
[INFO] [stdout]   |                                                  expected 1 argument
[INFO] [stdout]   |
[INFO] [stdout]   = note: this error originates in a derive macro (in Nightly builds, run with -Z macro-backtrace for more info)
[INFO] [stdout] 
[INFO] [stdout] 
[INFO] [stdout] error[E0061]: this function takes 1 argument but 2 arguments were supplied
[INFO] [stdout]  --> src/user.rs:7:50
[INFO] [stdout]   |
[INFO] [stdout] 7 | #[derive(Debug, Clone, PartialEq, IntoCDRSValue, TryFromRow)]
[INFO] [stdout]   |                                                  ^^^^^^^^^^
[INFO] [stdout]   |                                                  |
[INFO] [stdout]   |                                                  supplied 2 arguments
[INFO] [stdout]   |                                                  expected 1 argument
[INFO] [stdout]   |
[INFO] [stdout]   = note: this error originates in a derive macro (in Nightly builds, run with -Z macro-backtrace for more info)
[INFO] [stdout] 
[INFO] [stdout] 
[INFO] [stdout] error: aborting due to 2 previous errors; 1 warning emitted
[INFO] [stdout] 
[INFO] [stdout] 
[INFO] [stdout] For more information about this error, try `rustc --explain E0061`.
[INFO] [stdout] 
[INFO] [stderr] error: build failed
[INFO] running `Command { std: "docker" "inspect" "7ed8dc19ce2e500903311d4bb42ce89e027500c0fd63e71c129bcf3e65306090", kill_on_drop: false }`
[INFO] running `Command { std: "docker" "rm" "-f" "7ed8dc19ce2e500903311d4bb42ce89e027500c0fd63e71c129bcf3e65306090", kill_on_drop: false }`
[INFO] [stdout] 7ed8dc19ce2e500903311d4bb42ce89e027500c0fd63e71c129bcf3e65306090
